 the remainder when 2286018 is divided by 101.
85
Calculate the remainder when 15371727 is divided by 172716.
3
What is the remainder when 300727 is divided by 300705?
22
What is the remainder when 25206 is divided by 313?
166
Calculate the remainder when 1355899 is divided by 677878.
143
What is the remainder when 4367077 is divided by 111?
4
Calculate the remainder when 203182 is divided by 97.
64
Calculate the remainder when 124259 is divided by 2176.
227
Calculate the remainder when 39142 is divided by 12613.
1303
Calculate the remainder when 2474070 is divided by 824682.
24
What is the remainder when 977594 is divided by 15515?
149
Calculate the remainder when 123221 is divided by 326.
319
Calculate the remainder when 34700967 is divided by 472.
471
What is the remainder when 6998055 is divided by 6998029?
26
What is the remainder when 7722867 is divided by 4779?
3
What is the remainder when 27662472 is divided by 380?
372
What is the remainder when 364873 is divided by 19?
16
Calculate the remainder when 78840 is divided by 26215.
195
Calculate the remainder when 8128504 is divided by 301.
300
What is the remainder when 59622420 is divided by 15?
0
Calculate the remainder when 5392660 is divided by 118.
60
Calculate the remainder when 178569 is divided by 3248.
3177
What is the remainder when 20532 is divided by 316?
308
What is the remainder when 4667637 is divided by 485?
482
Calculate the remainder when 2310656 is divided by 462128.
16
What is the remainder when 6366309 is divided by 6392?
6269
Calculate the remainder when 126157 is divided by 10513.
1
What is the remainder when 2182031 is divided by 2181889?
142
Calculate the remainder when 1879566 is divided by 620.
346
Calculate the remainder when 10829 is divided by 4770.
1289
What is the remainder when 7819857 is divided by 68?
61
Calculate the remainder when 185253430 is divided by 6611.
6599
Calculate the remainder when 30695780 is divided by 7312.
4
Calculate the remainder when 10716 is divided by 8830.
1886
Calculate the remainder when 19491924 is divided by 151.
89
Calculate the remainder when 644605 is divided by 981.
88
What is the remainder when 487891 is divided by 3421?
2109
What is the remainder when 213039 is divided by 4937?
748
Calculate the remainder when 10842022 is divided by 277.
242
What is the remainder when 294642 is divided by 4832?
4722
What is the remainder when 2862669 is divided by 2936?
69
What is the remainder when 23618 is divided by 4668?
278
Calculate the remainder when 51739775 is divided by 98.
87
What is the remainder when 5833 is divided by 4919?
914
Calculate the remainder when 227818 is divided by 14232.
106
Calculate the remainder when 1665347 is divided by 4731.
35
What is the remainder when 45396 is divided by 5334?
2724
Calculate the remainder when 3859047 is divided by 2469.
0
Calculate the remainder when 116711 is divided by 33.
23
Calculate the remainder when 9273 is divided by 376.
249
What is the remainder when 5519870 is divided by 125?
120
Calculate the remainder when 22876646 is divided by 2381.
2379
What is the remainder when 3780176 is divided by 7?
1
What is the remainder when 21090928 is divided by 9?
4
What is the remainder when 67201210 is divided by 3619?
3618
Calculate the remainder when 2823544 is divided by 37.
0
Calculate the remainder when 9400 is divided by 695.
365
Calculate the remainder when 723813 is divided by 180953.
1
Calculate the remainder when 29509324 is divided by 181.
170
Calculate the remainder when 55017519 is divided by 54.
51
Calculate the remainder when 219869 is divided by 10993.
9
What is the remainder when 240578 is divided by 794?
790
Calculate the remainder when 21953840 is divided by 4693.
4679
What is the remainder when 2733408 is divided by 279?
45
What is the remainder when 890502 is divided by 489?
33
Calculate the remainder when 35881164 is divided by 42.
18
What is the remainder when 6190201 is divided by 160?
121
Calculate the remainder when 1252859 is divided by 86.
11
Calculate the remainder when 23628 is divided by 808.
196
What is the remainder when 57341 is divided by 2178?
713
Calculate the remainder when 2171190 is divided by 8448.
54
What is the remainder when 40890579 is divided by 1462?
1363
Calculate the remainder when 13520 is divided by 13330.
190
Calculate the remainder when 11273935 is divided by 88.
79
What is the remainder when 8779 is divided by 1081?
131
What is the remainder when 97482 is divided by 4482?
3360
What is the remainder when 403607 is divided by 57651?
50
What is the remainder when 1557363 is divided by 229?
163
What is the remainder when 25232480 is divided by 91?
0
Calculate the remainder when 11780 is divided by 850.
730
Calculate the remainder when 386822 is divided by 4115.
12
What is the remainder when 31518 is divided by 2339?
1111
What is the remainder when 595777 is divided by 3783?
1846
Calculate the remainder when 13283253 is divided by 31626.
333
Calculate the remainder when 3852879 is divided by 95.
59
Calculate the remainder when 3955517 is divided by 3.
2
What is the remainder when 6665111 is divided by 18?
17
What is the remainder when 14152083 is divided by 92?
91
What is the remainder when 54257 is divided by 2858?
2813
What is the remainder when 455221 is divided by 13583?
6982
What is the remainder when 29188 is divided by 28291?
897
What is the remainder when 60984557 is divided by 260?
257
Calculate the remainder when 1298142 is divided by 24032.
414
Calculate the remainder when 68372 is divided by 235.
222
Calculate the remainder when 626048 is divided by 31302.
8
What is the remainder when 7692419 is divided by 3846127?
165
What is the remainder when 6265115 is divided by 77?
10
What is the remainder when 315982615 is divided by 1765266?
1
What is the remainder when 582317 is divided by 27723?
134
What is the remainder when 508867 is divided by 711?
502
What is the remainder when 482845 is divided by 1150?
995
What is the remainder when 1800134 is divided by 119895?
1709
Calculate the remainder when 1293011 is divided by 2155.
11
What is the remainder when 2558005 is divided by 361?
320
Calculate the remainder when 78902781 is divided by 15780556.
1
Calculate the remainder when 16466843 is divided by 1290.
1283
Calculate the remainder when 133299 is divided by 64841.
3617
What is the remainder when 327762 is divided by 913?
908
Calculate the remainder when 7103647 is divided by 18743.
50
Calculate the remainder when 53084406 is divided by 6635550.
6
Calculate the remainder when 5581717 is divided by 1116339.
22
What is the remainder when 550634 is divided by 133942?
14866
What is the remainder when 476092 is divided by 10964?
4640
What is the remainder when 3889316 is divided by 1296434?
14
What is the remainder when 202346 is divided by 28901?
39
What is the remainder when 4205840 is divided by 5154?
176
Calculate the remainder when 656346 is divided by 377.
366
What is the remainder when 23255862 is divided by 265?
257
Calculate the remainder when 980108 is divided by 51571.
259
What is the remainder when 58805 is divided by 827?
88
Calculate the remainder when 3558903 is divided by 945.
33
What is the remainder when 1023744 is divided by 5043?
15
Calculate the remainder when 1529357 is divided by 2139.
2111
Calculate the remainder when 979877 is divided by 517.
162
What is the remainder when 1390097 is divided by 4413?
2
What is the remainder when 191698554 is divided by 86?
82
Calculate the remainder when 230574 is divided by 12795.
264
Calculate the remainder when 30727185 is divided by 213.
18
What is the remainder when 814494 is divided by 25?
19
Calculate the remainder when 103980 is divided by 4517.
89
Calculate the remainder when 11047462 is divided by 180.
142
Calculate the remainder when 1905145 is divided by 634956.
277
Calculate the remainder when 160404 is divided by 1129.
86
What is the remainder when 36066928 is divided by 3056?
16
What is the remainder when 2892055 is divided by 669?
637
What is the remainder when 201805 is divided by 13356?
1465
What is the remainder when 14076 is divided by 14061?
15
Calculate the remainder when 12857 is divided by 12450.
407
What is the remainder when 319829 is divided by 35